 2 - (81 + -81).
22
What is 6 + -3 + 2 - (84 - 88)?
9
15 + 2 + -13 + -13
-9
(4 - 15) + 0 - -4 - -21
14
Calculate -37 + -19 + 84 - -1.
29
What is the value of 2 + 6 + (0 - 0 - (26 + 0))?
-18
-18 + 8 - -7 - 12
-15
What is the value of 8 - ((-2 - -1) + (-27 - -16 - -13))?
7
Calculate (-33 - ((10 - 22) + 15)) + 10.
-26
Evaluate (-34 - -34) + (1 - -13).
14
-1 - (8 - 12) - -5
8
(12 - 0) + -12 + 14
14
Evaluate 15 + (5 - 17) + 5 + -10.
-2
What is the value of -1 - (-4 + (0 - (-1 + -3)) + 4)?
-5
Calculate 9 - 1 - (25 + -15 + 5 + -10).
3
Evaluate 11 + 1 + 7 + -14 + -4 + 3.
4
What is 21 - (-7 - (-23 - (0 + -12)))?
17
-3 + 6 + 6 + -8 + 0 + -10
-9
Evaluate (-18 - (9 - (6 - 10 - -8))) + 7.
-16
Calculate 16 - (-1 + (-11 - (2 + -6 - 0))).
24
What is the value of 6 + -9 + -14 + 27?
10
What is (-9 - (2 - 13)) + (4 - 1 - -17)?
22
What is the value of (-10 + 13 - -1) + -15?
-11
Calculate -3 - (9 + -6 - (2 + (2 - -1))).
-1
12 - 4 - (4 - (26 - 14))
16
Evaluate -1 - -13 - (-415 + 413).
14
-7 - (-37 - (-1 - 7)) - (4 - 16)
34
Calculate -2 - (-1 - 3) - (-11 - -10).
3
What is the value of 28 - (9 + -23 + -5 + 15)?
32
What is the value of -4 - (6 + (-9 - -5 - -38) - 6)?
-38
What is the value of 9 + 21 + -3 + (-15 - -8)?
20
Calculate 2 + (20 - 20) + -2 + -5.
-5
Calculate 5 + 2 + -5 - (5 - 3) - 16.
-16
What is -1 + (15 - 1) - (58 - (-52 - -111))?
14
-19 + 21 + -24 + 44
22
What is the value of 9 - (6 + (-25 - -15))?
13
Calculate -22 + 4 + (0 - -41).
23
What is 17 - ((-8 - -16) + (-8 - -3))?
14
Calculate -11 - (-3 - -3) - (-151 - -140).
0
What is the value of 7 - (-11 + (10 - 1))?
9
What is the value of -10 + (-2 - (-2 + -8 + 3)) + -2?
-7
Evaluate 33 + (-10 - (-4 + -11 + (-6 - -10))).
34
What is the value of -2 + (14 - (-15 + 6 + 3) - 4)?
14
-11 - (-3 + (1 - 4 - 0) + 0)
-5
What is the value of (-8 + 2 - (19 - 22)) + 0 + -7?
-10
What is the value of -112 + 137 - (-1 + 27)?
-1
What is 19 + -17 + (5 - (1 + 3)) - -6?
9
Evaluate 1 - (-10 + -1 - -24).
-12
Calculate -7 + -4 + 4 + (15 - (-26 - -40)).
-6
Evaluate 8 + (-8 + 7 - -8 - (-2 - -3)).
14
-25 + (-4 - -21) + -11
-19
Evaluate 24 + (21 - 6) - 19.
20
Evaluate (-9 - -1) + (12 - (7 + 2)).
-5
Calculate -22 + (-9 - (8 - 15)) + 7.
-17
What is -25 - (6 - 22 - -2)?
-11
Evaluate 2 - (-7 - -6 - (8 + -3)).
8
What is -2 + -3 + (11 - (-4 + 3)) + -10?
-3
What is the value of 136 + -129 + (-11 - 3)?
-7
Calculate 3 + -4 - -15 - -3.
17
Calculate (30 - 27) + -5 - -25.
23
What is 29 + (-36 + 29 - -3)?
25
Calculate (18 - 10) + -42 - -19.
-15
What is -15 + 4 - (6 - 3) - (5 + -9)?
-10
Calculate 14 + (-10 - -11) - 0.
15
Evaluate -41 + 40 + (-4 - -24).
19
What is -10 + 13 + 0 - (-3 + -2)?
8
(0 - 0) + -5 - (-13 - (5 + -15))
-2
-3 + -3 + 11 + -49 + 43
-1
1426 + -1445 - (-18 + -1)
0
Calculate 5 - (22 + -4) - 1.
-14
Evaluate 3 + 0 + 9 + -11 - 22.
-21
Calculate 80 + 42 + -102 - (2 - -2 - 0).
16
Evaluate -10 - (1 - 5 - (-20 + 13) - 38).
25
(3 + -2 - -8 - 19) + 8
-2
What is (14 + (0 - 4) - 12) + -2?
-4
Calculate (3 - (-4 + 6 + -1)) + -21 + 11.
-8
What is (25 - 4) + -10 + -12?
-1
What is (0 - 7) + (19 - 34) + (-8 - -15)?
-15
Evaluate (14 - (13 + -5)) + 2 + -4 + 5.
9
-13 + (-21 - -1) + (-62 - -88)
-7
What is the value of -2 - -36 - (-21 + 44)?
11
What is the value of (9 - 4) + -7 + 15 + -11 + -17?
-15
2 + 0 + -14 + -93 + 99
-6
Evaluate 13 + (-4 - (-1 - -7)) - 22.
-19
What is the value of 21 + 9 + -1 + 14 + -8 + -3?
32
What is 9 - 1 - (64 - 62) - (0 + -2)?
8
What is -22 - (-56 + -15 + 37)?
12
What is 202 + -199 - (-4 - -1 - 6)?
12
-31 + (5 - 8 - -23)
-11
Evaluate (0 - -52) + (19 - 48).
23
-14 + 4 - (21 - 28)
-3
Calculate 20 + (-1 - 2 - (10 + -3 + -17)).
27
-1 - (-23 + 42 + -31)
11
Calculate 0 + -2 + (2 - (11 - 12)).
1
What is -22 + (1 + 1 + -1 - (-11 - -6))?
-16
What is the value of -5 - (1 + -4 + 3 + -12 + 23)?
-16
Calculate (-4 - 1 - (31 + (-17 - 19))) + 15.
15
What is the value of -4 + 25 + (-33 - -19) - (0 + 3)?
4
What is the value of 15 + 43 + -27 + -31?
0
What is (11 + -21 - -15) + 5 + 1 + -4?
7
5 + 12 + -14 + -13 - -9
-1
Calculate 16 - -3 - (28 + -21).
12
Calculate -17 + (-21 + 15 - (-12 + 3)).
-14
3 + 1 - (38 + -28) - -19
13
What is the value of 13 + 7 + 17 + -27?
10
What is the value of 11 + -5 + (-20 - -3) + 0?
-11
-7 + (10 - (-8 - -13) - 5)
-7
Calculate (-14 - 7) + 13 - -33.
25
Calculate -13 + (2 - (-20 - -1)).
8
17 + (-6 - (-4 - -5)) - 23
-13
Calculate 6 + -8 + (-24 - (-11 - -6)) - -6.
-15
What is the value of 3 - (-4 - -17) - (-32 + -9) - -7?
38
23 - (-3 - (15 - 30))
11
Evaluate -19 + -2 - (-1364 + 1322).
21
Evaluate 3 - 3 - (1 - (10 + -5 + -1)).
3
-8 - (3 + -35) - 11
13
5 + 5 + -3 - (-3 - -8)
2
What is (584 - 611) + 33 + 0?
6
What is the value of -1 + (19 - -1) + -4 + -6 - -12?
21
Calculate 6 + 2 - (-41 - -62).
-13
-1 + 0 + 0 + 0 + 7 - 0
6
Calculate (18 - 1) + -2 + -3.
12
Evaluate (1 - -5) + (-7 + 3 - -11).
13
What is -2 + -7 + 9 + -5 - (-2 + -15)?
12
What is the value of 8 - (3 - 9 - -19) - (2 - 0)?
-7
Calculate -1 + (4 - -3) - (-33 - -36).
3
Calculate 7 - (0 + 2 - (9 - 14)).
0
-128 + 142 + -9 + -1
4
Evaluate -10 + (-5 - -28) + -7.
6
Calculate (-1 + 3 - 7) + -13 + 18 + 9.
9
What is -20 + (29 - (18 - -1))?
-10
Calculate 12 + -8 - ((-16 - -7) + 30).
-17
What is the value of (1 - 8) + -2 + 20 + -12 - -14?
13
Evaluate (-11 + 4 - 7 - -7) + -7.
-14
Calculate -42 + 40 - (-1 + 11).
-12
Evaluate -4 + (-8 - 1 - -14) + (39 - 14).
26
Calculate 36 - (-34 - -23 - (-11 - (2 - 4))).
38
-4 + -11 + 0 + -5 + -23 + 27
-16
What is 9 + -36 + (17 + 7 - 22)?
-25
-23 - -3 - (-722 - -678)
24
What is the value of (-4 - 11) + 10 + 4?
-1
Calculate 19 + -32 + 35 + (6 - 2 - 3).
23
Evaluate -13 + 6 + 33 + -12.
14
What is 74 - 36 - 39 - (-3 - -1 - -7)?
-6
Calculate -11 + 6 - -8 - (-10 + 7 + 0).
6
Calculate 4 + (-14 - -7) + (7 - 6).
-2
Calculate -1 + 12 + (-36 - -18) + 14.
7
(-5 - (-5 + 5 - 2)) + (13 - 3)
7
Calculate 12 - ((-2 - 4) + 49) - (4 - 13).
-22
Evaluate -9 + (6 - (4 - -6)) + 19.
6
What is (-33 - -42 - 9) + (-3 - (-1 + 1))?
-3
2 - (3 + 7 + 5 + -9)
-4
What is 18 + -22 + 16 - 19?
-7
Calculate -5 - -3 - 4 - (-25 + -13 + 21).
11
Calculate (-193 - -162) + (65 - 7).
27
Evaluate -33 + (30 - 39) + 32.
-10
Calculate -39 + 2 + (21 - (11 + -6 + 7)).
-28
What is -8 + (-18 + -2 - -19)?
-9
9 - (6 + (11 - (-9 + 21)))
4
What is -10 - (-6 + (-12 - (-14 - -8)))?
2
What is the value of 4 - ((-3 - -3) + 5) - (-11 + 5)?
5
Calculate -13 + 1 - (-32 + 38 + -34).
16
What is 19 + 3 + -63 + 12?
-29
Calculate -10 + (121 - 129) + 1 + 1.
-16
Calculate 10 - ((13 - 15 - -10) + -5).
7
Evaluate (-13 - -4) + 12 + -10.
-7
What is the value of 4 + -9 + (7 - 14)?
-12
Calculate -11 + (-12 - (-6 + 1) - 1 - -5).
-14
What is (2 + (-3 - 4) - -3) + (-4 - -8)?
2
(27 + -9 - -5) + 1 + -8 - -9
25
Evaluate -6 + (1 - (1 + (-8 - -6 - -2))).
-6
What is the value of -1 - (7 + 9 + -15)?
-2
-1 + 8 + 15 + -1 + 1 + -10
12
What is 3 + 0 + (7 - 23 - (-25 + 30))?
-18
What is the value of -1 - (-14 + 24 - 1)?
-10
Evaluate 62 + -45 + 1 + 7.
25
-1 + (6 + 0 - (-73 + 76))
2
Calculate 6 + -3 + 15 - 9.
9
What is (-1 - -1 - -4) + -209 + 212?
7
What is 4 - (13 - (-7 - (9 + -24))) - 2?
-3
Calculate -6 - (-11 + 0 + 3 + 1).
1
-1 + (5 - 5) + -11 - (-17 - -13)
-8
Evaluate -16 + 58 + 5 + (2 - 2) + -10.
37
9 + 0 + -5 + 4 + (6 - 0)
14
2 - 1 - (-1 - 9 - (-7 - 7))
-3
What is the value of -1327 + 1339 + (-1 - (-1 + 16))?
-4
What is -8 + 15 + (-17 - -18)?
8
What is the value of 29 - (3 + 2) - 2 - 9?
13
Evaluate -10 - (-2 - (9 - 11)).
-10
What is -5 + 33 + (-174 - -141)?
-5
Calculate -14 + 16 + (2 - 7) + 11.
8
(-2 - -5) + -80 + 55
-22
Evaluate (-13 - 0 - -8) + (7 - (2 - 1)).
1
What is the value of -34 + (-36 + 18 - -35)?
-17
What is (34 - (16 + -2)) + -17?
3
Evaluate 9 + (-10 - -6) + -6.
-1
Calculate (-20 + 12 - 14) + 28.
6
Calculate -20 + (9 - (2 + -3)).
-10
-58 - -49 - (2 + -3 - -1)
-9
What is (1 - (-13 + (5 - -20))) + (7 - -1)?
-3
Calculate (14 - 21) + 4 + 0.
-3
Calculate -15 - (-15 + -8 - -11).
-3
What is the value of -1 - (-6 + 12) - -1?
-6
Calculate 20 + (-3 - (-22 + 20)) - 37.
-18
What is -2 + -23 + -1 - (-66 - -79)?
-39
What is 23 - 10 - (-30 - -14 - -5)?
24
What is (20 - 53) + -9 + 19?
-23
What is the value of 5 + 5 + (-4 - 9) - -1?
-2
Calculate 14 - (-31 - -21) - 3.
21
Evaluate 51 + (-46 - -21) + (-8 - 0).
18
What is the value of -2 - (-1